
Let p be ((-3)/(-9))/(19/(-3363)). Let a = p - -824. What are the prime factors of a?
3, 5, 17
Let t(m) = -m**2 + m + 1. Let k(h) = -5*h**2 + 6*h + 9. Let p(z) = -k(z) + 4*t(z). Let j be p(5). List the prime factors of j - (-2 - (-1 + -1)).
2, 5
Let z = 430 + -418. Let c(i) = -i**3 + 14*i**2 - 9*i + 14. Let n be c(13). Let f = n - z. List the prime factors of f.
2, 3
List the prime factors of ((122395/(-4))/7)/((-35)/140).
5, 13, 269
Let r = 305 + -1332. Let y = r - -1454. List the prime factors of y.
7, 61
Let f(x) = -4*x**3 - 109*x**2 + 18*x - 88. List the prime factors of f(-29).
3, 1759
List the prime factors of 6/(-8) + (-222111)/(-36) + 11.
2, 3, 5, 103
Suppose 0 = -3*n + a + 17455, -6*a + 3*a = 4*n - 23282. Suppose 0 = 235*y - 246*y + n. List the prime factors of y.
23
Let t(l) = 4751*l - 7. What are the prime factors of t(3)?
2, 17, 419
Let f = 14697 + -5698. List the prime factors of f.
8999
List the prime factors of (682059/(-14))/((-3)/2).
32479
Let s(v) = v**3 + 31*v**2 - 70*v - 218. List the prime factors of s(-27).
2, 31, 37
Suppose -117 = -y - 5*j, 0 = 5*j + 7 + 13. Suppose 0 = k - y - 72. List the prime factors of k.
11, 19
Let l = -8114 + 11648. List the prime factors of l.
2, 3, 19, 31
Suppose -3*q + 4*i + 130767 = 0, -5*q = -5*i - 98184 - 119761. List the prime factors of q.
7, 13, 479
Suppose 4*q + 29472 = 3*d + 187642, -q = 5*d - 39554. List the prime factors of ((-24)/(-42))/(-4 - q/(-9884)).
2, 353
Let l(p) = p**3 + 18*p**2 - 16*p + 62. Let z be l(-19). Suppose 2*u - 3*o = 21, -z*u + 3*u = -5*o - 27. List the prime factors of u.
2, 3
Let l be (-330)/12*144/(-132). Let h be 9/(-2)*(-4)/6. Suppose -y + l = 3*m + 2*y, -75 = -4*m + h*y. List the prime factors of m.
3, 5
Let q(b) = b**3 + 6*b**2 - 2*b - 8. Let i(a) = -19*a + 216. Let y be i(11). What are the prime factors of q(y)?
3, 5, 41
Suppose 210 = 3*k + 1221. Let t = 97 - k. What are the prime factors of t?
2, 7, 31
Suppose 0 = -4*c - 4*u + 11352, 5*c - 1197*u + 1199*u - 14178 = 0. What are the prime factors of c?
2, 13, 109
Let j = -188 + 187. List the prime factors of (1 - -2 - j/(-1))*111.
2, 3, 37
Let m(r) = r**3 - 6*r**2 - 5*r + 3. Let h be (2 + 0)*65/26. Suppose -5*x + 34 = -x - 2*s, 47 = h*x - 4*s. List the prime factors of m(x).
17
Suppose 2*k + 6 = 2*b, 53*k - 56*k = 5*b + 9. Let a(n) = n**3 - 8*n**2 + 6*n + 1. Let j be a(7). What are the prime factors of (0 - j)*(-43)/k?
2, 43
Suppose -1 = -3*h + 5. Let j be 9/6*(2 - (-8)/h). Suppose j*m - 267 = 6*m. What are the prime factors of m?
89
Let p = -267 + -256. Let d = p + 744. List the prime factors of d.
13, 17
Suppose -l + 860 = 113. Let t = 851 - l. List the prime factors of t.
2, 13
Let t be (-1)/(-2) + (-118)/4. Let m be -1 - -6*t*(-2 - 0). Suppose s = 2*a - 2*s - 171, 4*a = 5*s + m. List the prime factors of a.
3, 31
Let z = 664 - -6301. List the prime factors of z.
5, 7, 199
Suppose -558 = 30*o + 162. What are the prime factors of 2472/(-32)*5/(10/o)?
3, 103
Suppose 5*t = 12*t - 28. Suppose t*y - 23 = -2*v + 7*y, -19 = -v + 3*y. Suppose 9*u - v*u - 1335 = 3*q, -2*q - 1335 = -5*u. What are the prime factors of u?
3, 89
Suppose 195305 = 4*l - j, -3*l + 2*j = -43419 - 103066. List the prime factors of l/49 + (-20)/(-35).
997
Let t(x) = 1058*x + 503. What are the prime factors of t(6)?
13, 17, 31
Let v(g) be the first derivative of -69*g**2/2 + 8*g - 12. Let h be v(-4). Suppose c - 3*c = 2*n - h, 5*c - 682 = 2*n. List the prime factors of c.
2, 3, 23
What are the prime factors of (-2)/5 - (-40299168)/1120?
11, 3271
Suppose -17152 = -9*l + 9703 + 10351. What are the prime factors of l?
2, 3, 13, 53
Suppose -12 = -3*u + w, -5*u = -2*w - 21 + 1. Suppose 1107 - 272 = 5*x. Suppose -u*k + x = -197. What are the prime factors of k?
7, 13
Suppose -91*f + 76*f = 36600. Let d = -1249 - f. What are the prime factors of d?
3, 397
Let p(f) = f**3 - 15*f**2 + 13*f + 10. Let s be p(14). Let z be (-166)/(-2) - (2 + 2 + s). Let v = 278 - z. What are the prime factors of v?
3, 5, 13
Suppose 0 = -35*d + 203340 + 167380. Suppose -10*o = -d - 2408. List the prime factors of o.
2, 5, 13
Let t(m) = 232*m**2 + 274*m - 21. What are the prime factors of t(-9)?
3, 5, 1087
Suppose -107 = -4*t + 325. Let c = 375 - t. Let s = -113 + c. List the prime factors of s.
2, 7, 11
Suppose -10*b - 4*b + 24836 = 0. What are the prime factors of b/10 + -1*15/(-25)?
2, 89
List the prime factors of ((-460)/(-400) - 35/25)/(1/(-184588)).
46147
Suppose -10*t + 9764 = 4121 - 8777. Suppose 5*b = 2*j + 58, -3*b + j + 37 = 2*j. Suppose t = -5*c + b*c. What are the prime factors of c?
2, 103
Suppose -163*m + 61*m + 591192 = 0. List the prime factors of m.
2, 3, 7, 23
Let n(q) = 52*q**3 + q**2 - 4*q - 6. Let p be n(3). Suppose 3*r + t = -r + 5643, p = r - 5*t. List the prime factors of r.
2, 3, 5, 47
Let b be ((-3)/(18/(-30)))/1. Suppose -9*c + 7840 = b*c. What are the prime factors of c?
2, 5, 7
Suppose 5*j - a = 31, 3 - 6 = 3*a. Suppose -3*m + 3*x = -27, 0*x + 3*x + 1 = m. Suppose -m = -j*l + 5*l. What are the prime factors of l?
13
Let x be 22/6 - (-5)/(-45)*-3. Suppose -a = 3*g + 435, -g - 3*a = -x*g - 435. Let i = g - -209. List the prime factors of i.
2
Suppose -23*v - 285 = -8*v. Let s(u) = 4*u**2 + 21*u - 87. List the prime factors of s(v).
2, 479
Suppose -21*l = -19*l + 3844. Let o be (-18)/(-117) + l/(-13). Let n = o - 76. List the prime factors of n.
2, 3
Let w be (-2*4/5)/(4/(-9830)). Suppose w = 3*r + 161. What are the prime factors of r?
3, 419
Let s(d) = d + 5. Let t be s(10). Suppose -5*r = -t - 15. Suppose -4 + r = c. What are the prime factors of c?
2
Suppose 297 = 5*g + 237. Suppose -x - l + 324 = 0, x + g = -5*l + 352. List the prime factors of x.
2, 5
Let v(m) be the second derivative of m**5/20 - 5*m**4/4 - 5*m**3/2 - 8*m**2 + 20*m. Let d be v(16). Suppose -4*a + d*a = -820. List the prime factors of a.
5, 41
Suppose k + w - 14759 = 0, 269*k - 271*k + 5*w = -29532. What are the prime factors of k?
29, 509
Let r(m) = m + 1. Let l be -2 + 1 - (6 - 1). Let h be r(l). Let u(f) = 7*f**2 - 5*f + 4. List the prime factors of u(h).
2, 3, 17
Suppose -490 = -11*p - 3*p. Let d = p - 33. Suppose -d*o = 19 - 149. List the prime factors of o.
5, 13
Let p be 0 + -3*(1 - 2). Let m(f) = -7 + p*f + 5 + 8*f**2 + f - 8. List the prime factors of m(3).
2, 37
Suppose 2*h - 21326 + 7042 = 0. List the prime factors of h.
2, 3571
Let y(m) = -196*m**3 - 3*m**2 + 2*m + 23. List the prime factors of y(-4).
12511
Let v = -46 - -50. Suppose v*s - 1032 = 12*s. Let w = -31 - s. List the prime factors of w.
2, 7
Suppose -4*k = -11*k + 63. Suppose -5*l = -2*l - k. What are the prime factors of (-1)/((-5)/(l + 427))?
2, 43
Suppose -4*c - 5*y - 9 = -2*c, -2*y = 5*c - 9. Suppose -c*b - 2*p + 1427 = 446, 3*b - p - 972 = 0. What are the prime factors of b?
5, 13
Let b = 35137 + -12497. List the prime factors of b.
2, 5, 283
Let i = 950 + -1331. Let x = i + 741. List the prime factors of x.
2, 3, 5
Let c = 40595 - 5149. List the prime factors of c.
2, 37, 479
What are the prime factors of (3927/(-33) - -32)*(-1024)/6?
2, 29
List the prime factors of (3/(-15) - 36/45) + 4906.
3, 5, 109
Let y(o) = -o**3 - 67*o**2 + 132*o - 166. What are the prime factors of y(-70)?
2, 2647
Let x = 32 + -1766. What are the prime factors of x/12*(-2 + 0)?
17
Let g be (-72)/(-5) + 2/(-5). Let s(k) = -4*k + 20 + 0 - 10*k - 6*k + 2*k**2. What are the prime factors of s(g)?
2, 3, 11
Suppose -6486 = 6*y + 8430. Let d = y + 3495. What are the prime factors of d?
1009
Let w(l) = -10*l**2 + 24*l + 2. Let c be w(3). Let p = c + -50. Let v = 314 + p. List the prime factors of v.
2, 31
Let h(s) = 8*s**2 - 6 + 3*s + 7*s - 14*s. Suppose -5*z + 5*q + 0 - 25 = 0, 19 = -3*z + 5*q. List the prime factors of h(z).
2, 3, 13
List the prime factors of (-188)/10*(-218 + -19 - -2).
2, 47
Suppose 675*n - 234*n + 444*n - 33653010 = 0. List the prime factors of n.
2, 19013
Let r = -38 - -50. What are the prime factors of (-42)/(4/r + -1)?
3, 7
Let m = 11876 + 7957. What are the prime factors of m?
3, 11, 601
Suppose -x + 4*x - 2*l = 8, -x + 3*l = 2. Suppose -x*i = -361 - 1355. List the prime factors of i.
3, 11, 13
Suppose -p + 205 = -325. Let w = -164 - -162. List the prime factors of (w/4)/((-5)/p).
53
Let t be (-420